{"id":386,"date":"2015-09-07T12:01:40","date_gmt":"2015-09-07T10:01:40","guid":{"rendered":"http:\/\/tobi-kurz.de\/?page_id=386"},"modified":"2021-06-03T09:59:49","modified_gmt":"2021-06-03T07:59:49","slug":"erfolg-teil-17","status":"publish","type":"page","link":"https:\/\/tobi-kurz.de\/index.php\/erfolg-teil-17","title":{"rendered":"ERFOLG &#8211; Teil 17"},"content":{"rendered":"<p style=\"text-align: right;\"><strong><a href=\"https:\/\/tobi-kurz.de\/?p=354\">1<\/a> \u00a0 <a href=\"https:\/\/tobi-kurz.de\/?p=356\">2<\/a> \u00a0 <a href=\"https:\/\/tobi-kurz.de\/?p=358\">3<\/a> \u00a0 <a href=\"https:\/\/tobi-kurz.de\/?p=360\">4<\/a> \u00a0 <a href=\"https:\/\/tobi-kurz.de\/?p=362\">5<\/a> \u00a0 <a href=\"https:\/\/tobi-kurz.de\/?p=364\">6<\/a> \u00a0 <a href=\"https:\/\/tobi-kurz.de\/?p=366\">7<\/a> \u00a0 <a href=\"https:\/\/tobi-kurz.de\/?p=368\">8<\/a> \u00a0 <a href=\"https:\/\/tobi-kurz.de\/?p=370\">9<\/a> \u00a0 <a href=\"https:\/\/tobi-kurz.de\/?p=372\">10<\/a> \u00a0 <a href=\"https:\/\/tobi-kurz.de\/?p=374\">11<\/a> \u00a0 <a href=\"https:\/\/tobi-kurz.de\/?p=376\">12<\/a> \u00a0 <a href=\"https:\/\/tobi-kurz.de\/?p=378\">13<\/a> \u00a0 <a href=\"https:\/\/tobi-kurz.de\/?p=380\">14<\/a> \u00a0 <a href=\"https:\/\/tobi-kurz.de\/?p=382\">15<\/a> \u00a0 <a href=\"https:\/\/tobi-kurz.de\/?p=384\">16<\/a> \u00a0 17 \u00a0 <a href=\"https:\/\/tobi-kurz.de\/?p=388\">18<\/a> \u00a0 <a href=\"https:\/\/tobi-kurz.de\/?p=390\">19<\/a><\/strong><\/p>\n<h6 style=\"text-align: left;\"><\/h6>\n<h6 style=\"text-align: left;\">Die Hohe Schule des Erfolgs!<\/h6>\n<p><strong>Die Grundschule des Erfolgs ist es, \u00fcberlebensf\u00e4hig zu sein:<\/strong><br \/>\nMan hat sich &#8222;erfolgreich&#8220; in sein Leben eingerichtet und funktioniert irgendwie, wohl schlechter als besser, aber irgendwie klappt es schon. F\u00fcr dieses Lebens-Niveau braucht man nicht gro\u00df nachzudenken, lebt &#8222;gedankenlos&#8220; und l\u00e4sst sich vom Leben mehr treiben, als dass man selbst Steuermann ist.<br \/>\nDie meiste Zeit der bisherigen Menschheitsgeschichte ging es um das \u00dcberleben.<\/p>\n<p><strong>In der Oberschule des Erfolgs (das Gymnasium) lernen wir,<br \/>\ndie Verantwortung f\u00fcr unser Leben voll zu \u00fcbernehmen und das Ruder selbst in die Hand zu nehmen.<br \/>\n<\/strong>In dieser Schulstufe lernen wir, unser Denkinstrument zu nutzen.<\/p>\n<p><strong>Wichtig f\u00fcr unseren Erfolg ist &#8222;Mental-Training&#8220;:<\/strong><br \/>\nKlare Ziele zu bestimmen und sie auch erfolgreich zu erreichen, Absicht und Resultat unseres Handelns in \u00dcbereinstimmung zu bringen. Wir bedienen uns vor allem der Gedankenkraft.<br \/>\nWir erleben gerade jetzt, dass immer mehr Menschen anfangen, selbst zu denken und sich nicht mehr lenken lassen.<\/p>\n<p><strong>In der Hohen Schule des Erfolgs geht es noch einen Schritt weiter:<\/strong><br \/>\nWir brauchen nicht mehr nachzudenken, um das richtige zu tun. Wir m\u00fcssen keine Entscheidungen treffen, keine Entschl\u00fcsse fassen.<br \/>\nWir lernen es, intuitiv mit einem Maximum an Erfolg das zu tun, was zu tun ist.<\/p>\n<p>In dieser Stufe k\u00f6nnen wir unser ganzes menschliches Potenzial zur Entfaltung bringen.<br \/>\nEin wichtiges Instrument des Erfolgs ist auf diesem Niveau das &#8222;Intuitions-Training&#8220;.<br \/>\nWir lernen es, und &#8222;\u00fcbernat\u00fcrlicher Kr\u00e4fte&#8220; zu bedienen.<br \/>\nEs geht nicht mehr nur vordergr\u00fcndig um Erfolg, sondern um Erf\u00fcllung in jeder Hinsicht.<\/p>\n<h6 style=\"text-align: left;\">Merke:<\/h6>\n<p><a href=\"https:\/\/tobi-kurz.de\/?p=153\"><img loading=\"lazy\" class=\" wp-image-417 alignleft\" src=\"https:\/\/tobi-kurz.de\/wp-content\/uploads\/2015\/09\/HummelLi.png\" alt=\"HummelLi\" width=\"78\" height=\"87\" srcset=\"https:\/\/tobi-kurz.de\/wp-content\/uploads\/2015\/09\/HummelLi.png 259w, https:\/\/tobi-kurz.de\/wp-content\/uploads\/2015\/09\/HummelLi-230x255.png 230w\" sizes=\"(max-width: 78px) 100vw, 78px\" \/><\/a><strong>Das Leben ist eine Schule des Erfolgs mit unterschiedlichen Stufen.<\/strong><br \/>\n<strong> In welche Stufe k\u00f6nnen Sie sich einordnen?<\/strong><br \/>\n<strong> Welche Herausforderungen stellt Ihnen das Leben,<\/strong><br \/>\n<strong> um zu wachsen, in die n\u00e4chste Erfolgsklasse aufzusteigen?<\/strong><\/p>\n<h6>Hier ein tolles Video zum Thema Wertsch\u00e4tzung der eigenen Pers\u00f6nlichkeit<\/h6>\n<p>von dem gro\u00dfartigen Kabarettisten Georg Schramm. &#8211; Du bist ein Sieger!<\/p>\n<p><iframe loading=\"lazy\" src=\"https:\/\/www.youtube.com\/embed\/aQMVdIySaxE?rel=0&amp;controls=0&amp;showinfo=0\" width=\"420\" height=\"315\" frameborder=\"0\" allowfullscreen=\"allowfullscreen\"><\/iframe><a href=\"https:\/\/tobi-kurz.de\/wp-content\/uploads\/2015\/09\/rand_unten.png\"><img loading=\"lazy\" class=\"size-full wp-image-703 aligncenter\" src=\"https:\/\/tobi-kurz.de\/wp-content\/uploads\/2015\/09\/rand_unten.png\" alt=\"rand_unten\" width=\"610\" height=\"39\" srcset=\"https:\/\/tobi-kurz.de\/wp-content\/uploads\/2015\/09\/rand_unten.png 610w, https:\/\/tobi-kurz.de\/wp-content\/uploads\/2015\/09\/rand_unten-300x19.png 300w, https:\/\/tobi-kurz.de\/wp-content\/uploads\/2015\/09\/rand_unten-550x35.png 550w, https:\/\/tobi-kurz.de\/wp-content\/uploads\/2015\/09\/rand_unten-230x15.png 230w\" sizes=\"(max-width: 610px) 100vw, 610px\" \/><\/a><\/p>\n<h6>\u201eEs muss einfach gehen, sonst geht es einfach nicht!\u201c<\/h6>\n<h6 style=\"text-align: left;\">Tragen Sie JETZT einfach hier Ihre Daten ein!<\/h6>\n<p><a href=\"https:\/\/tobi-kurz.de\/wp-content\/uploads\/2015\/08\/pfeilRunter.gif\"><img loading=\"lazy\" class=\"alignnone wp-image-325 size-full\" src=\"https:\/\/tobi-kurz.de\/wp-content\/uploads\/2015\/08\/pfeilRunter.gif\" alt=\"\" width=\"20\" height=\"60\" \/><\/a> <a href=\"https:\/\/tobi-kurz.de\/wp-content\/uploads\/2015\/08\/pfeilRunter.gif\"><img loading=\"lazy\" class=\"alignnone wp-image-325 size-full\" src=\"https:\/\/tobi-kurz.de\/wp-content\/uploads\/2015\/08\/pfeilRunter.gif\" alt=\"\" width=\"20\" height=\"60\" \/><\/a> <a href=\"https:\/\/tobi-kurz.de\/wp-content\/uploads\/2015\/08\/pfeilRunter.gif\"><img loading=\"lazy\" class=\"alignnone wp-image-325 size-full\" src=\"https:\/\/tobi-kurz.de\/wp-content\/uploads\/2015\/08\/pfeilRunter.gif\" alt=\"\" width=\"20\" height=\"60\" \/><\/a> <a href=\"https:\/\/tobi-kurz.de\/wp-content\/uploads\/2015\/08\/pfeilRunter.gif\"><img loading=\"lazy\" class=\"alignnone wp-image-325 size-full\" src=\"https:\/\/tobi-kurz.de\/wp-content\/uploads\/2015\/08\/pfeilRunter.gif\" alt=\"\" width=\"20\" height=\"60\" \/><\/a> <a href=\"https:\/\/tobi-kurz.de\/wp-content\/uploads\/2015\/08\/pfeilRunter.gif\"><img loading=\"lazy\" class=\"alignnone wp-image-325 size-full\" src=\"https:\/\/tobi-kurz.de\/wp-content\/uploads\/2015\/08\/pfeilRunter.gif\" alt=\"\" width=\"20\" height=\"60\" \/> <\/a><a href=\"https:\/\/tobi-kurz.de\/wp-content\/uploads\/2015\/08\/pfeilRunter.gif\"><img loading=\"lazy\" class=\"alignnone wp-image-325 size-full\" src=\"https:\/\/tobi-kurz.de\/wp-content\/uploads\/2015\/08\/pfeilRunter.gif\" alt=\"\" width=\"20\" height=\"60\" \/><\/a> <a href=\"https:\/\/tobi-kurz.de\/wp-content\/uploads\/2015\/08\/pfeilRunter.gif\"><img loading=\"lazy\" class=\"alignnone wp-image-325 size-full\" src=\"https:\/\/tobi-kurz.de\/wp-content\/uploads\/2015\/08\/pfeilRunter.gif\" alt=\"\" width=\"20\" height=\"60\" \/> <\/a><a href=\"https:\/\/tobi-kurz.de\/wp-content\/uploads\/2015\/08\/pfeilRunter.gif\"><img loading=\"lazy\" class=\"alignnone wp-image-325 size-full\" src=\"https:\/\/tobi-kurz.de\/wp-content\/uploads\/2015\/08\/pfeilRunter.gif\" alt=\"\" width=\"20\" height=\"60\" \/><\/a><\/p>\n<div class=\"wpforms-container wpforms-container-full\" id=\"wpforms-967\"><form id=\"wpforms-form-967\" class=\"wpforms-validate wpforms-form\" data-formid=\"967\" method=\"post\" enctype=\"multipart\/form-data\" action=\"\/index.php\/wp-json\/wp\/v2\/pages\/386\" data-token=\"68543cd726b1ca97e33289c49aabf2a2\"><noscript class=\"wpforms-error-noscript\">Bitte aktiviere JavaScript in deinem Browser, um dieses Formular fertigzustellen.<\/noscript><div class=\"wpforms-field-container\"><div id=\"wpforms-967-field_2-container\" class=\"wpforms-field wpforms-field-name\" data-field-id=\"2\"><label class=\"wpforms-field-label\" for=\"wpforms-967-field_2\">Name <span class=\"wpforms-required-label\">*<\/span><\/label><div class=\"wpforms-field-row wpforms-field-large\"><div class=\"wpforms-field-row-block wpforms-first wpforms-one-half\"><input type=\"text\" id=\"wpforms-967-field_2\" class=\"wpforms-field-name-first wpforms-field-required\" name=\"wpforms[fields][2][first]\" placeholder=\"Vorname\" required><label for=\"wpforms-967-field_2\" class=\"wpforms-field-sublabel after wpforms-sublabel-hide\">Vorname<\/label><\/div><div class=\"wpforms-field-row-block wpforms-one-half\"><input type=\"text\" id=\"wpforms-967-field_2-last\" class=\"wpforms-field-name-last wpforms-field-required\" name=\"wpforms[fields][2][last]\" placeholder=\"Familienname\" required><label for=\"wpforms-967-field_2-last\" class=\"wpforms-field-sublabel after wpforms-sublabel-hide\">Nachname<\/label><\/div><\/div><\/div><div id=\"wpforms-967-field_3-container\" class=\"wpforms-field wpforms-field-email\" data-field-id=\"3\"><label class=\"wpforms-field-label\" for=\"wpforms-967-field_3\">E-Mail <span class=\"wpforms-required-label\">*<\/span><\/label><input type=\"email\" id=\"wpforms-967-field_3\" class=\"wpforms-field-medium wpforms-field-required\" name=\"wpforms[fields][3]\" placeholder=\"An welche e-Post Adresse d\u00fcrfen wir Ihnen antworten?\" required><\/div><div id=\"wpforms-967-field_4-container\" class=\"wpforms-field wpforms-field-phone\" data-field-id=\"4\"><label class=\"wpforms-field-label\" for=\"wpforms-967-field_4\">Telefonnummer<\/label><input type=\"tel\" id=\"wpforms-967-field_4\" class=\"wpforms-field-medium\" data-rule-int-phone-field=\"true\" name=\"wpforms[fields][4]\" placeholder=\"F\u00fcr einen gew\u00fcnschten R\u00fcckruf\" ><\/div><div id=\"wpforms-967-field_5-container\" class=\"wpforms-field wpforms-field-checkbox wpforms-conditional-trigger\" data-field-id=\"5\"><label class=\"wpforms-field-label\" for=\"wpforms-967-field_5\">R\u00fcckruf erw\u00fcnscht?<\/label><ul id=\"wpforms-967-field_5\"><li class=\"choice-1 depth-1\"><input type=\"checkbox\" id=\"wpforms-967-field_5_1\" name=\"wpforms[fields][5][]\" value=\"Ja, bitte rufen Sie mich zur\u00fcck.\"  ><label class=\"wpforms-field-label-inline\" for=\"wpforms-967-field_5_1\">Ja, bitte rufen Sie mich zur\u00fcck.<\/label><\/li><\/ul><\/div><div id=\"wpforms-967-field_6-container\" class=\"wpforms-field wpforms-field-date-time wpforms-conditional-field wpforms-conditional-show\" data-field-id=\"6\" style=\"display:none;\"><label class=\"wpforms-field-label\" for=\"wpforms-967-field_6\">Datum\/Zeit<\/label><div class=\"wpforms-field-row wpforms-field-medium\"><div class=\"wpforms-field-row-block wpforms-one-half wpforms-first\"><div class=\"wpforms-datepicker-wrap\"><input type=\"text\" id=\"wpforms-967-field_6\" class=\"wpforms-field-date-time-date wpforms-datepicker\" data-date-format=\"d\/m\/Y\" data-disable-past-dates=\"0\" data-input=\"true\" name=\"wpforms[fields][6][date]\" placeholder=\"Datum\" ><a title=\"Datum leeren\" data-clear class=\"wpforms-datepicker-clear\" style=\"display:none;\"><\/a><\/div><label for=\"wpforms-967-field_6\" class=\"wpforms-field-sublabel after wpforms-sublabel-hide\">Datum<\/label><\/div><div class=\"wpforms-field-row-block wpforms-one-half\"><input type=\"text\" id=\"wpforms-967-field_6-time\" class=\"wpforms-field-date-time-time wpforms-timepicker\" data-rule-time24h=\"true\" data-time-format=\"H:i\" data-step=\"15\" data-min-time=\"09:00\" data-max-time=\"21:00\" name=\"wpforms[fields][6][time]\" placeholder=\"Uhrzeit\" ><label for=\"wpforms-967-field_6-time\" class=\"wpforms-field-sublabel after wpforms-sublabel-hide\">Zeit<\/label><\/div><\/div><\/div><div id=\"wpforms-967-field_1-container\" class=\"wpforms-field wpforms-field-text\" data-field-id=\"1\"><label class=\"wpforms-field-label\" for=\"wpforms-967-field_1\">Betreff<\/label><input type=\"text\" id=\"wpforms-967-field_1\" class=\"wpforms-field-medium\" name=\"wpforms[fields][1]\" placeholder=\"Was ist Ihr Anliegen?\" ><\/div><div id=\"wpforms-967-field_7-container\" class=\"wpforms-field wpforms-field-textarea\" data-field-id=\"7\"><label class=\"wpforms-field-label\" for=\"wpforms-967-field_7\">Ihre Nachricht<\/label><textarea id=\"wpforms-967-field_7\" class=\"wpforms-field-medium\" name=\"wpforms[fields][7]\" ><\/textarea><\/div><div id=\"wpforms-967-field_8-container\" class=\"wpforms-field wpforms-field-captcha\" data-field-id=\"8\"><label class=\"wpforms-field-label\" for=\"wpforms-967-field_8\">Captcha <span class=\"wpforms-required-label\">*<\/span><\/label>\n\t\t\t<p class=\"wpforms-captcha-question\">Wieviele Bundesl\u00e4nder hat die BRiD?<\/p>\n\n\t\t\t<input type=\"text\" id=\"wpforms-967-field_8\" class=\"wpforms-field-medium wpforms-field-required a\" data-rule-wpf-captcha=\"qa\" data-a=\"sechzehn\" name=\"wpforms[fields][8][a]\" placeholder=\"bitte als Wort ausf\u00fcllen\" required>\n\t\t\t<input type=\"hidden\" name=\"wpforms[fields][8][q]\" value=\"1\">\n\n\t\t\t<\/div><div id=\"wpforms-967-field_9-container\" class=\"wpforms-field wpforms-field-gdpr-checkbox\" data-field-id=\"9\"><label class=\"wpforms-field-label\" for=\"wpforms-967-field_9\">DSGVO-Einverst\u00e4ndnis <span class=\"wpforms-required-label\">*<\/span><\/label><ul id=\"wpforms-967-field_9\" class=\"wpforms-field-required\"><li class=\"choice-1\"><input type=\"checkbox\" id=\"wpforms-967-field_9_1\" name=\"wpforms[fields][9][]\" value=\"Ich willige ein, dass diese Website meine \u00fcbermittelten Informationen speichert, sodass meine Anfrage beantwortet werden kann.\" required ><label class=\"wpforms-field-label-inline\" for=\"wpforms-967-field_9_1\">Ich willige ein, dass diese Website meine \u00fcbermittelten Informationen speichert, sodass meine Anfrage beantwortet werden kann.<\/label><\/li><\/ul><\/div><\/div><div class=\"wpforms-submit-container\" ><input type=\"hidden\" name=\"wpforms[id]\" value=\"967\"><input type=\"hidden\" name=\"wpforms[author]\" value=\"1\"><button type=\"submit\" name=\"wpforms[submit]\" class=\"wpforms-submit \" id=\"wpforms-submit-967\" value=\"wpforms-submit\" aria-live=\"assertive\" data-alt-text=\"Senden...\" data-submit-text=\"Absenden\">Absenden<\/button><\/div><\/form><\/div>  <!-- .wpforms-container -->\n","protected":false},"excerpt":{"rendered":"<p>1 \u00a0 2 \u00a0 3 \u00a0 4 \u00a0 5 \u00a0 6 \u00a0 7 \u00a0 8 \u00a0 9 \u00a0 10 \u00a0 11 \u00a0 12 \u00a0 13 \u00a0 14 \u00a0 15 \u00a0 16 \u00a0 17 \u00a0 18 \u00a0 19 Die Hohe Schule des Erfolgs! Die Grundschule des Erfolgs ist es, \u00fcberlebensf\u00e4hig zu sein: Man hat sich &#8222;erfolgreich&#8220; [&hellip;]<\/p>\n","protected":false},"author":1,"featured_media":0,"parent":0,"menu_order":0,"comment_status":"closed","ping_status":"closed","template":"","meta":[],"_links":{"self":[{"href":"https:\/\/tobi-kurz.de\/index.php\/wp-json\/wp\/v2\/pages\/386"}],"collection":[{"href":"https:\/\/tobi-kurz.de\/index.php\/wp-json\/wp\/v2\/pages"}],"about":[{"href":"https:\/\/tobi-kurz.de\/index.php\/wp-json\/wp\/v2\/types\/page"}],"author":[{"embeddable":true,"href":"https:\/\/tobi-kurz.de\/index.php\/wp-json\/wp\/v2\/users\/1"}],"replies":[{"embeddable":true,"href":"https:\/\/tobi-kurz.de\/index.php\/wp-json\/wp\/v2\/comments?post=386"}],"version-history":[{"count":7,"href":"https:\/\/tobi-kurz.de\/index.php\/wp-json\/wp\/v2\/pages\/386\/revisions"}],"predecessor-version":[{"id":985,"href":"https:\/\/tobi-kurz.de\/index.php\/wp-json\/wp\/v2\/pages\/386\/revisions\/985"}],"wp:attachment":[{"href":"https:\/\/tobi-kurz.de\/index.php\/wp-json\/wp\/v2\/media?parent=386"}],"curies":[{"name":"wp","href":"https:\/\/api.w.org\/{rel}","templated":true}]}}